{"version":"1.0","provider_name":"Hajbe\u00fcltet\u00e9s, hajhull\u00e1s, haj\u00e1pol\u00e1s","provider_url":"https:\/\/hajbeultetes.cafeblog.hu","author_name":"hajspecialista","author_url":"https:\/\/hajbeultetes.cafeblog.hu\/author\/hajspecialista\/","title":"Haj\u00e1pol\u00e1s II.","html":"<p>&nbsp;<span class=\"Apple-style-span\" style=\"font-size: xx-large; \"><b><span style=\"font-size: 10pt; \">Hajt\u00edpusok \u00e9s kezel\u00e9s\u00fck<\/span><\/b><\/span><\/p><p class=\"MsoNormal\" style=\"margin-top: 0cm; margin-right: 0cm; margin-bottom: 0pt; margin-left: 36pt; text-indent: -18pt; text-align: justify; font-size: xx-large; \"><span style=\"font-family: Symbol; \"><span><font size=\"4\">\u00b7<\/font><span style=\"font: normal normal normal 7pt\/normal 'Times New Roman'; \">&nbsp;&nbsp;&nbsp;&nbsp;&nbsp;&nbsp;&nbsp;&nbsp;<\/span><\/span><\/span><b><span style=\"font-size: 10pt; \">Norm\u00e1l haj<\/span><\/b><font size=\"4\"><\/font><\/p><p class=\"MsoNormal\" style=\"margin-top: 0cm; margin-right: 0cm; margin-bottom: 0pt; margin-left: 0cm; text-align: justify; font-size: xx-large; \"><span style=\"font-size: 10pt; \">A norm\u00e1l haj speci\u00e1lis \u00e1pol\u00e1st nem ig\u00e9nyel. A norm\u00e1l haj akkor sz\u00e9p, ha \u00e9leter\u0151s, j\u00f3l form\u00e1zhat\u00f3 \u00e9s k\u00f6nnyen kif\u00e9s\u00fclhet\u0151. \u00c1pol\u00e1s\u00e1hoz olyan k\u00e9sz\u00edtm\u00e9ny sz\u00fcks\u00e9ges, amely vitalit\u00e1st, selymess\u00e9get \u00e9s hosszantart\u00f3 f\u00e9nyt biztos\u00edt. A legf\u0151bb c\u00e9l a fejb\u0151r \u00e9s a haj tiszt\u00edt\u00e1sa, a haj term\u00e9szetes f\u00e9ny\u00e9nek \u00e9s \u00e1llapot\u00e1nak meg\u0151rz\u00e9se -&nbsp;<a href=\"http:\/\/www.himgeurope.com\/hajbeultetesi-klinika-kepek.html\" title=\"Hajbe\u00fcltet\u00e9si Klinika\" target=\"_blank\">hajbe\u00fcltet\u00e9si klinika<\/a>.<\/span><\/p><p class=\"MsoNormal\" style=\"margin-top: 0cm; margin-right: 0cm; margin-bottom: 0pt; margin-left: 36pt; text-indent: -18pt; text-align: justify; font-size: xx-large; \"><span style=\"font-family: Symbol; \"><span><font size=\"4\">\u00b7<\/font><span style=\"font: normal normal normal 7pt\/normal 'Times New Roman'; \">&nbsp;&nbsp;&nbsp;&nbsp;&nbsp;&nbsp;&nbsp;&nbsp;<\/span><\/span><\/span><b><span style=\"font-size: 10pt; \">Hossz\u00fa, sz\u00e1raz haj<\/span><\/b><font size=\"4\"><\/font><\/p><p class=\"MsoNormal\" style=\"margin-top: 0cm; margin-right: 0cm; margin-bottom: 0pt; margin-left: 0cm; text-align: justify; font-size: xx-large; \"><span style=\"font-size: 10pt; \">A haj sz\u00e1razs\u00e1g\u00e1t els\u0151dlegesen az okozza, hogy a k\u00fcl\u00f6nb\u00f6z\u0151 fizikai \u00e9s k\u00e9miai k\u00fcls\u0151 behat\u00e1sok miatt a haj elvesz\u00edti term\u00e9szetes nedvess\u00e9gtartalm\u00e1t. Ez\u00e1ltal a haj f\u00e9nytelen, t\u00f6redezett lesz. Els\u0151dleges feladat az elvesztett nedvess\u00e9g p\u00f3tl\u00e1sa. Ezt speci\u00e1lis, kifejezetten a sz\u00e1raz hajra kifejlesztett samponokkal \u00e9s \u00e1pol\u00f3term\u00e9kekkel \u00e9rhetj\u00fck el. Sz\u00e1raz haj eset\u00e9ben folyamatos \u00e1pol\u00e1sra van sz\u00fcks\u00e9g. A samponoz\u00e1sn\u00e1l \u00fcgyelni kell arra, hogy a hajsz\u00e1lakat a lehet\u0151 legk\u00edm\u00e9letesebben d\u00f6rzs\u00f6lj\u00fck -&nbsp;<\/span><span class=\"Apple-style-span\" style=\"font-size: 13px; \"><a href=\"http:\/\/www.himgeurope.com\/hajbeultetesi-klinika-kepek.html\" title=\"Hajbe\u00fcltet\u00e9si Klinika\" target=\"_blank\">hajbe\u00fcltet\u00e9si klinika<\/a><\/span><span class=\"Apple-style-span\" style=\"font-size: 13px; \">. \u00d3vakodjunk az er\u0151s tiszt\u00edt\u00f3 hat\u00e1ssal b\u00edr\u00f3 term\u00e9kekt\u0151l. A hajmos\u00e1s ut\u00e1n intenz\u00edv k\u00far\u00e1val, pakol\u00e1ssal (n\u00f6v\u00e9nyi \u00e9s \u00e1llati zsirad\u00e9kot tartalmaz\u00f3) balzsammal kezelj\u00fck a hajat. Ezen term\u00e9keket csak a hajv\u00e9gekre, ill. a sz\u00e1raz hajr\u00e9szekre szabad eloszlatni. Kb. 10-15 perc hat\u00f3id\u0151 letelte ut\u00e1n alaposan \u00f6bl\u00edts\u00fck ki. \u00dcgyelj\u00fcnk arra, hogy az \u00e1pol\u00f3 term\u00e9k a fejb\u0151rre ne, vagy csak minim\u00e1lis m\u00e9rt\u00e9kben ker\u00fclj\u00f6n.<\/span><\/p><p class=\"MsoNormal\" style=\"margin-top: 0cm; margin-right: 0cm; margin-bottom: 0pt; margin-left: 36pt; text-indent: -18pt; text-align: justify; font-size: xx-large; \"><span style=\"font-family: Symbol; \"><span><font size=\"4\">\u00b7<\/font><span style=\"font: normal normal normal 7pt\/normal 'Times New Roman'; \">&nbsp;&nbsp;&nbsp;&nbsp;&nbsp;&nbsp;&nbsp;&nbsp;<\/span><\/span><\/span><b><span style=\"font-size: 10pt; \">Ig\u00e9nybevett haj<\/span><\/b><font size=\"4\"><\/font><\/p><p class=\"MsoNormal\" style=\"margin-top: 0cm; margin-right: 0cm; margin-bottom: 0pt; margin-left: 0cm; text-align: justify; font-size: xx-large; \"><span style=\"font-size: 10pt; \">Ig\u00e9nybevett hajt\u00edpusr\u00f3l akkor besz\u00e9lhet\u00fcnk, ha t\u00f6bbsz\u00f6ri vegyszeres behat\u00e1snak, vagy durva fizikai hat\u00e1snak volt kit\u00e9ve a hajsz\u00e1l. Az ig\u00e9nybevett haj \u00e1pol\u00f3anyag-sz\u00fcks\u00e9glete a legnagyobb, ez\u00e9rt az erre a hajt\u00edpusra kifejlesztett samponokban a hat\u00f3anyagok megn\u00f6velt koncentr\u00e1ci\u00f3val vannak jelen. Ennek ellen\u00e9re itt is h\u00edg\u00edtva kell a hajra tenni a term\u00e9keket. 2-3 perc hat\u00f3id\u0151 ut\u00e1n gyeng\u00e9den massz\u00edrozzuk \u00e1t a hajat, majd \u00f6bl\u00edts\u00fck ki. Ezut\u00e1n kezdhetj\u00fck a pakol\u00e1s alkalmaz\u00e1s\u00e1t. Legal\u00e1bb 15-20 perc \u00e9s lehet\u0151leg plusz h\u0151m\u00e9rs\u00e9klet hozz\u00e1ad\u00e1s\u00e1val, esetleg f\u00f3liatakar\u00e1ssal fokozhatjuk a hat\u00e1s el\u00e9r\u00e9s\u00e9t. A hat\u00f3id\u0151 letelt\u00e9vel alaposan \u00f6bl\u00edts\u00fck ki a hajb\u00f3l -&nbsp;<\/span><span class=\"Apple-style-span\" style=\"font-size: 13px; \"><a href=\"http:\/\/www.himgeurope.com\/hajbeultetesi-klinika-kepek.html\" title=\"Hajbe\u00fcltet\u00e9si Klinika\" target=\"_blank\">hajbe\u00fcltet\u00e9si klinika<\/a><\/span><span class=\"Apple-style-span\" style=\"font-size: 13px; \">.<\/span><\/p><p class=\"MsoNormal\" style=\"margin-top: 0cm; margin-right: 0cm; margin-bottom: 0pt; margin-left: 0cm; text-align: justify; font-size: xx-large; \"><span style=\"font-size: 10pt; \">Fontos: T\u00e9vhit, hogy ha az ig\u00e9nybevett hajb\u00f3l nem \u00f6bl\u00edtj\u00fck ki az \u00e1pol\u00f3 term\u00e9keket, akkor azok jobb \u00e1pol\u00e1st biztos\u00edtanak. Ha erre v\u00e1gyunk, c\u00e9lszer\u0171 hajban marad\u00f3 term\u00e9keket alkalmazni.<\/span><\/p><p class=\"MsoNormal\" style=\"margin-top: 0cm; margin-right: 0cm; margin-bottom: 0pt; margin-left: 36pt; text-indent: -18pt; text-align: justify; font-size: xx-large; \"><span style=\"font-family: Symbol; \"><span><font size=\"4\">\u00b7<\/font><span style=\"font: normal normal normal 7pt\/normal 'Times New Roman'; \">&nbsp;&nbsp;&nbsp;&nbsp;&nbsp;&nbsp;&nbsp;&nbsp;<\/span><\/span><\/span><b><span style=\"font-size: 10pt; \">V\u00e9konysz\u00e1l\u00fa haj<\/span><\/b><font size=\"4\"><\/font><\/p><p class=\"MsoNormal\" style=\"margin-top: 0cm; margin-right: 0cm; margin-bottom: 0pt; margin-left: 0cm; text-align: justify; font-size: xx-large; \"><span style=\"font-size: 10pt; \">A v\u00e9konysz\u00e1l\u00fa haj kezel\u00e9s\u00e9n\u00e9l a f\u0151 szempont a hajsz\u00e1lak ellen\u00e1ll\u00f3bb\u00e1 t\u00e9tele, ill. a lehet\u0151s\u00e9gekhez m\u00e9rten a hajsz\u00e1lak meger\u0151s\u00edt\u00e9se, tart\u00e1s\u00e1nak jav\u00edt\u00e1sa, volumen\u00e9nek n\u00f6vel\u00e9se.<\/span><\/p><p class=\"MsoNormal\" style=\"margin-top: 0cm; margin-right: 0cm; margin-bottom: 0pt; margin-left: 0cm; text-align: justify; font-size: xx-large; \"><span style=\"font-size: 10pt; \">Erre a c\u00e9lra speci\u00e1lis samponok \u00e9s \u00e1pol\u00f3term\u00e9kek kaphat\u00f3k, melyek a hajsz\u00e1lakba behatolva bel\u00fclr\u0151l er\u0151s\u00edtik, \u00e9s rugalmass\u00e1 teszik a hajsz\u00e1lakat. A hat\u00f3anyag \u00f6sszetev\u0151i (pl. foly\u00e9kony keratin, B5 provitamin, stb.) garant\u00e1lj\u00e1k, hogy a kezelt haj nem tapad a fejb\u0151rre, ill. a hajsz\u00e1lak egym\u00e1st\u00f3l elv\u00e1lnak, ezzel is el\u0151seg\u00edtve a volumenn\u00f6vel\u00e9s \u00e9rzet\u00e9t. Sokszor az ilyen t\u00edpus\u00fa hajakra nem alkalmaznak \u00e1pol\u00f3 term\u00e9keket (balzsam, habbalzsam, stb.), pedig \u00e9ppen e haj szerkezete \u00e9s s\u00e9r\u00fcl\u00e9kenys\u00e9ge miatt erre fokozottan sz\u00fcks\u00e9g lenne. A samponoz\u00e1s sor\u00e1n egy k\u00f6zepes er\u0151ss\u00e9g\u0171 fejb\u0151rmassz\u00e1zs alkalmaz\u00e1sa c\u00e9lszer\u0171 -&nbsp;<\/span><span class=\"Apple-style-span\" style=\"font-size: 13px; \"><a href=\"http:\/\/www.himgeurope.com\/hajbeultetesi-klinika-kepek.html\" title=\"Hajbe\u00fcltet\u00e9si Klinika\" target=\"_blank\">hajbe\u00fcltet\u00e9si klinika<\/a><\/span><span class=\"Apple-style-span\" style=\"font-size: 13px; \">. A v\u00e9konysz\u00e1l\u00fa hajat aj\u00e1nlatos 1-2 naponta megmosni \u00e9s laz\u00e1n, k\u00f3cosan f\u0151n\u00f6zni. Enyhe tart\u00f3shull\u00e1mos\u00edt\u00e1s javasolt.<\/span><\/p>","type":"rich"}

Hajbeültetés, hajhullás, hajápolás

Hajápolás II.

<p>&nbsp;<span class="Apple-style-span" style="font-size: xx-large; "><b><span style="font-size: 10pt; ">Hajtípusok és kezelésük</span></b></span></p><p class="MsoNormal" style="margin-top: 0cm; margin-right: 0cm; margin-bottom: 0pt; margin-left: 36pt; text-indent: -18pt; text-align: justify; font-size: xx-large; "><span style="font-family: Symbol; "><span><font size="4">·</font><span style="font: normal normal normal 7pt/normal 'Times New Roman'; ">&nbsp;&nbsp;&nbsp;&nbsp;&nbsp;&nbsp;&nbsp;&nbsp;</span></span></span><b><span style="font-size: 10pt; ">Normál haj</span></b><font size="4"></font></p><p class="MsoNormal" style="margin-top: 0cm; margin-right: 0cm; margin-bottom: 0pt; margin-left: 0cm; text-align: justify; font-size: xx-large; "><span style="font-size: 10pt; ">A normál haj speciális ápolást nem igényel. A normál haj akkor szép, ha életerős, jól formázható és könnyen kifésülhető. Ápolásához olyan készítmény szükséges, amely vitalitást, selymességet és hosszantartó fényt biztosít. A legfőbb cél a fejbőr és a haj tisztítása, a haj természetes fényének és állapotának megőrzése -&nbsp;<a href="http://www.himgeurope.com/hajbeultetesi-klinika-kepek.html" title="Hajbeültetési Klinika" target="_blank">hajbeültetési klinika</a>.</span></p><p class="MsoNormal" style="margin-top: 0cm; margin-right: 0cm; margin-bottom: 0pt; margin-left: 36pt; text-indent: -18pt; text-align: justify; font-size: xx-large; "><span style="font-family: Symbol; "><span><font size="4">·</font><span style="font: normal normal normal 7pt/normal 'Times New Roman'; ">&nbsp;&nbsp;&nbsp;&nbsp;&nbsp;&nbsp;&nbsp;&nbsp;</span></span></span><b><span style="font-size: 10pt; ">Hosszú, száraz haj</span></b><font size="4"></font></p><p class="MsoNormal" style="margin-top: 0cm; margin-right: 0cm; margin-bottom: 0pt; margin-left: 0cm; text-align: justify; font-size: xx-large; "><span style="font-size: 10pt; ">A haj szárazságát elsődlegesen az okozza, hogy a különböző fizikai és kémiai külső behatások miatt a haj elveszíti természetes nedvességtartalmát. Ezáltal a haj fénytelen, töredezett lesz. Elsődleges feladat az elvesztett nedvesség pótlása. Ezt speciális, kifejezetten a száraz hajra kifejlesztett samponokkal és ápolótermékekkel érhetjük el. Száraz haj esetében folyamatos ápolásra van szükség. A samponozásnál ügyelni kell arra, hogy a hajszálakat a lehető legkíméletesebben dörzsöljük -&nbsp;</span><span class="Apple-style-span" style="font-size: 13px; "><a href="http://www.himgeurope.com/hajbeultetesi-klinika-kepek.html" title="Hajbeültetési Klinika" target="_blank">hajbeültetési klinika</a></span><span class="Apple-style-span" style="font-size: 13px; ">. Óvakodjunk az erős tisztító hatással bíró termékektől. A hajmosás után intenzív kúrával, pakolással (növényi és állati zsiradékot tartalmazó) balzsammal kezeljük a hajat. Ezen termékeket csak a hajvégekre, ill. a száraz hajrészekre szabad eloszlatni. Kb. 10-15 perc hatóidő letelte után alaposan öblítsük ki. Ügyeljünk arra, hogy az ápoló termék a fejbőrre ne, vagy csak minimális mértékben kerüljön.</span></p><p class="MsoNormal" style="margin-top: 0cm; margin-right: 0cm; margin-bottom: 0pt; margin-left: 36pt; text-indent: -18pt; text-align: justify; font-size: xx-large; "><span style="font-family: Symbol; "><span><font size="4">·</font><span style="font: normal normal normal 7pt/normal 'Times New Roman'; ">&nbsp;&nbsp;&nbsp;&nbsp;&nbsp;&nbsp;&nbsp;&nbsp;</span></span></span><b><span style="font-size: 10pt; ">Igénybevett haj</span></b><font size="4"></font></p><p class="MsoNormal" style="margin-top: 0cm; margin-right: 0cm; margin-bottom: 0pt; margin-left: 0cm; text-align: justify; font-size: xx-large; "><span style="font-size: 10pt; ">Igénybevett hajtípusról akkor beszélhetünk, ha többszöri vegyszeres behatásnak, vagy durva fizikai hatásnak volt kitéve a hajszál. Az igénybevett haj ápolóanyag-szükséglete a legnagyobb, ezért az erre a hajtípusra kifejlesztett samponokban a hatóanyagok megnövelt koncentrációval vannak jelen. Ennek ellenére itt is hígítva kell a hajra tenni a termékeket. 2-3 perc hatóidő után gyengéden masszírozzuk át a hajat, majd öblítsük ki. Ezután kezdhetjük a pakolás alkalmazását. Legalább 15-20 perc és lehetőleg plusz hőmérséklet hozzáadásával, esetleg fóliatakarással fokozhatjuk a hatás elérését. A hatóidő leteltével alaposan öblítsük ki a hajból -&nbsp;</span><span class="Apple-style-span" style="font-size: 13px; "><a href="http://www.himgeurope.com/hajbeultetesi-klinika-kepek.html" title="Hajbeültetési Klinika" target="_blank">hajbeültetési klinika</a></span><span class="Apple-style-span" style="font-size: 13px; ">.</span></p><p class="MsoNormal" style="margin-top: 0cm; margin-right: 0cm; margin-bottom: 0pt; margin-left: 0cm; text-align: justify; font-size: xx-large; "><span style="font-size: 10pt; ">Fontos: Tévhit, hogy ha az igénybevett hajból nem öblítjük ki az ápoló termékeket, akkor azok jobb ápolást biztosítanak. Ha erre vágyunk, célszerű hajban maradó termékeket alkalmazni.</span></p><p class="MsoNormal" style="margin-top: 0cm; margin-right: 0cm; margin-bottom: 0pt; margin-left: 36pt; text-indent: -18pt; text-align: justify; font-size: xx-large; "><span style="font-family: Symbol; "><span><font size="4">·</font><span style="font: normal normal normal 7pt/normal 'Times New Roman'; ">&nbsp;&nbsp;&nbsp;&nbsp;&nbsp;&nbsp;&nbsp;&nbsp;</span></span></span><b><span style="font-size: 10pt; ">Vékonyszálú haj</span></b><font size="4"></font></p><p class="MsoNormal" style="margin-top: 0cm; margin-right: 0cm; margin-bottom: 0pt; margin-left: 0cm; text-align: justify; font-size: xx-large; "><span style="font-size: 10pt; ">A vékonyszálú haj kezelésénél a fő szempont a hajszálak ellenállóbbá tétele, ill. a lehetőségekhez mérten a hajszálak megerősítése, tartásának javítása, volumenének növelése.</span></p><p class="MsoNormal" style="margin-top: 0cm; margin-right: 0cm; margin-bottom: 0pt; margin-left: 0cm; text-align: justify; font-size: xx-large; "><span style="font-size: 10pt; ">Erre a célra speciális samponok és ápolótermékek kaphatók, melyek a hajszálakba behatolva belülről erősítik, és rugalmassá teszik a hajszálakat. A hatóanyag összetevői (pl. folyékony keratin, B5 provitamin, stb.) garantálják, hogy a kezelt haj nem tapad a fejbőrre, ill. a hajszálak egymástól elválnak, ezzel is elősegítve a volumennövelés érzetét. Sokszor az ilyen típusú hajakra nem alkalmaznak ápoló termékeket (balzsam, habbalzsam, stb.), pedig éppen e haj szerkezete és sérülékenysége miatt erre fokozottan szükség lenne. A samponozás során egy közepes erősségű fejbőrmasszázs alkalmazása célszerű -&nbsp;</span><span class="Apple-style-span" style="font-size: 13px; "><a href="http://www.himgeurope.com/hajbeultetesi-klinika-kepek.html" title="Hajbeültetési Klinika" target="_blank">hajbeültetési klinika</a></span><span class="Apple-style-span" style="font-size: 13px; ">. A vékonyszálú hajat ajánlatos 1-2 naponta megmosni és lazán, kócosan főnözni. Enyhe tartóshullámosítás javasolt.</span></p>
